[INFO] fetching crate tokio-socketcan-bcm 0.2.0...
[INFO] checking tokio-socketcan-bcm-0.2.0 against master#af3c6e733a40e671550e0f0f5aeecaa13772ba56 for pr-74989
[INFO] extracting crate tokio-socketcan-bcm 0.2.0 into /workspace/builds/worker-7/source
[INFO] validating manifest of crates.io crate tokio-socketcan-bcm 0.2.0 on toolchain af3c6e733a40e671550e0f0f5aeecaa13772ba56
[INFO] running `Command { std: "/workspace/cargo-home/bin/cargo" "+af3c6e733a40e671550e0f0f5aeecaa13772ba56" "read-manifest" "--manifest-path" "Cargo.toml", kill_on_drop: false }`
[INFO] started tweaking crates.io crate tokio-socketcan-bcm 0.2.0
[INFO] finished tweaking crates.io crate tokio-socketcan-bcm 0.2.0
[INFO] tweaked toml for crates.io crate tokio-socketcan-bcm 0.2.0 written to /workspace/builds/worker-7/source/Cargo.toml
[INFO] running `Command { std: "/workspace/cargo-home/bin/cargo" "+af3c6e733a40e671550e0f0f5aeecaa13772ba56" "generate-lockfile" "--manifest-path" "Cargo.toml" "-Zno-index-update", kill_on_drop: false }`
[INFO] running `Command { std: "/workspace/cargo-home/bin/cargo" "+af3c6e733a40e671550e0f0f5aeecaa13772ba56" "fetch" "--locked" "--manifest-path" "Cargo.toml", kill_on_drop: false }`
[INFO] running `Command { std: "docker" "create" "-v" "/var/lib/crater-agent-workspace/builds/worker-7/target:/opt/rustwide/target:rw,Z" "-v" "/var/lib/crater-agent-workspace/builds/worker-7/source:/opt/rustwide/workdir:ro,Z" "-v" "/var/lib/crater-agent-workspace/cargo-home:/opt/rustwide/cargo-home:ro,Z" "-v" "/var/lib/crater-agent-workspace/rustup-home:/opt/rustwide/rustup-home:ro,Z" "-e" "SOURCE_DIR=/opt/rustwide/workdir" "-e" "CARGO_TARGET_DIR=/opt/rustwide/target" "-e" "CARGO_HOME=/opt/rustwide/cargo-home" "-e" "RUSTUP_HOME=/opt/rustwide/rustup-home" "-w" "/opt/rustwide/workdir" "-m" "1610612736" "--user" "0:0" "--network" "none" "rustops/crates-build-env@sha256:d92eaeed33fa75130ca1ee6c8a01d1ffb62bac859dfdfb3450e3e5d1c0146529" "/opt/rustwide/cargo-home/bin/cargo" "+af3c6e733a40e671550e0f0f5aeecaa13772ba56" "metadata" "--no-deps" "--format-version=1", kill_on_drop: false }`
[INFO] [stderr] WARNING: Your kernel does not support swap limit capabilities or the cgroup is not mounted. Memory limited without swap.
[INFO] [stdout] c8d6ff57ba93a6a3cc7c73468281e4e745fea35c923804bf1d999b4428b0329d
[INFO] running `Command { std: "docker" "start" "-a" "c8d6ff57ba93a6a3cc7c73468281e4e745fea35c923804bf1d999b4428b0329d", kill_on_drop: false }`
[INFO] running `Command { std: "docker" "inspect" "c8d6ff57ba93a6a3cc7c73468281e4e745fea35c923804bf1d999b4428b0329d", kill_on_drop: false }`
[INFO] running `Command { std: "docker" "rm" "-f" "c8d6ff57ba93a6a3cc7c73468281e4e745fea35c923804bf1d999b4428b0329d", kill_on_drop: false }`
[INFO] [stdout] c8d6ff57ba93a6a3cc7c73468281e4e745fea35c923804bf1d999b4428b0329d
[INFO] running `Command { std: "docker" "create" "-v" "/var/lib/crater-agent-workspace/builds/worker-7/target:/opt/rustwide/target:rw,Z" "-v" "/var/lib/crater-agent-workspace/builds/worker-7/source:/opt/rustwide/workdir:ro,Z" "-v" "/var/lib/crater-agent-workspace/cargo-home:/opt/rustwide/cargo-home:ro,Z" "-v" "/var/lib/crater-agent-workspace/rustup-home:/opt/rustwide/rustup-home:ro,Z" "-e" "SOURCE_DIR=/opt/rustwide/workdir" "-e" "CARGO_TARGET_DIR=/opt/rustwide/target" "-e" "CARGO_INCREMENTAL=0" "-e" "RUST_BACKTRACE=full" "-e" "RUSTFLAGS=--cap-lints=forbid" "-e" "CARGO_HOME=/opt/rustwide/cargo-home" "-e" "RUSTUP_HOME=/opt/rustwide/rustup-home" "-w" "/opt/rustwide/workdir" "-m" "1610612736" "--user" "0:0" "--network" "none" "rustops/crates-build-env@sha256:d92eaeed33fa75130ca1ee6c8a01d1ffb62bac859dfdfb3450e3e5d1c0146529" "/opt/rustwide/cargo-home/bin/cargo" "+af3c6e733a40e671550e0f0f5aeecaa13772ba56" "check" "--frozen" "--all" "--all-targets" "--message-format=json", kill_on_drop: false }`
[INFO] [stdout] 081243d9a7d858629d79c430e16260b660ef048fc2b7e6bbdaa8aaf58b3df0f0
[INFO] [stderr] WARNING: Your kernel does not support swap limit capabilities or the cgroup is not mounted. Memory limited without swap.
[INFO] running `Command { std: "docker" "start" "-a" "081243d9a7d858629d79c430e16260b660ef048fc2b7e6bbdaa8aaf58b3df0f0", kill_on_drop: false }`
[INFO] [stderr]    Compiling bitflags v1.2.1
[INFO] [stderr]    Compiling nix v0.13.1
[INFO] [stderr]     Checking try_from v0.2.2
[INFO] [stderr]     Checking void v1.0.2
[INFO] [stderr]     Checking itertools v0.4.19
[INFO] [stderr]     Checking hex v0.2.0
[INFO] [stderr]     Checking nix v0.5.1
[INFO] [stderr]     Checking socketcan v1.7.0
[INFO] [stderr]     Checking tokio-socketcan-bcm v0.2.0 (/opt/rustwide/workdir)
[INFO] [stdout] warning: `...` range patterns are deprecated
[INFO] [stdout]    --> src/lib.rs:729:14
[INFO] [stdout]     |
[INFO] [stdout] 729 |             0...SFF_MASK_U16 => CANMessageId::SFF(id),
[INFO] [stdout]     |              ^^^ help: use `..=` for an inclusive range
[INFO] [stdout]     |
[INFO] [stdout]     = note: `#[warn(ellipsis_inclusive_range_patterns)]` on by default
[INFO] [stdout] 
[INFO] [stdout] 
[INFO] [stdout] warning: `...` range patterns are deprecated
[INFO] [stdout]    --> src/lib.rs:730:25
[INFO] [stdout]     |
[INFO] [stdout] 730 |             SFF_MASK_U16...std::u16::MAX => CANMessageId::EFF(u32::from(id)),
[INFO] [stdout]     |                         ^^^ help: use `..=` for an inclusive range
[INFO] [stdout] 
[INFO] [stdout] 
[INFO] [stdout] warning: `...` range patterns are deprecated
[INFO] [stdout]    --> src/lib.rs:729:14
[INFO] [stdout]     |
[INFO] [stdout] 729 |             0...SFF_MASK_U16 => CANMessageId::SFF(id),
[INFO] [stdout]     |              ^^^ help: use `..=` for an inclusive range
[INFO] [stdout]     |
[INFO] [stdout]     = note: `#[warn(ellipsis_inclusive_range_patterns)]` on by default
[INFO] [stdout] 
[INFO] [stdout] 
[INFO] [stdout] warning: `...` range patterns are deprecated
[INFO] [stdout]    --> src/lib.rs:730:25
[INFO] [stdout]     |
[INFO] [stdout] 730 |             SFF_MASK_U16...std::u16::MAX => CANMessageId::EFF(u32::from(id)),
[INFO] [stdout]     |                         ^^^ help: use `..=` for an inclusive range
[INFO] [stdout] 
[INFO] [stdout] 
[INFO] [stdout] warning: multiple patterns covering the same range
[INFO] [stdout]    --> src/lib.rs:730:13
[INFO] [stdout]     |
[INFO] [stdout] 729 |             0...SFF_MASK_U16 => CANMessageId::SFF(id),
[INFO] [stdout]     |             ---------------- this range overlaps on `2047_u16`
[INFO] [stdout] 730 |             SFF_MASK_U16...std::u16::MAX => CANMessageId::EFF(u32::from(id)),
[INFO] [stdout]     |             ^^^^^^^^^^^^^^^^^^^^^^^^^^^^ overlapping patterns
[INFO] [stdout]     |
[INFO] [stdout]     = note: `#[warn(overlapping_patterns)]` on by default
[INFO] [stdout] 
[INFO] [stdout] 
[INFO] [stdout] error[E0277]: the trait bound `CANMessageId: From<u32>` is not satisfied
[INFO] [stdout]    --> src/lib.rs:101:22
[INFO] [stdout]     |
[INFO] [stdout] 101 |         let can_id = CANMessageId::try_from(0x98FE_F5EBu32);
[INFO] [stdout]     |                      ^^^^^^^^^^^^^^^^^^^^^^ the trait `From<u32>` is not implemented for `CANMessageId`
[INFO] [stdout]     |
[INFO] [stdout]     = help: the following implementations were found:
[INFO] [stdout]               <CANMessageId as From<u16>>
[INFO] [stdout]     = note: required because of the requirements on the impl of `Into<CANMessageId>` for `u32`
[INFO] [stdout]     = note: required because of the requirements on the impl of `TryFrom<u32>` for `CANMessageId`
[INFO] [stdout] 
[INFO] [stdout] 
[INFO] [stdout] warning: 3 warnings emitted
[INFO] [stdout] 
[INFO] [stdout] 
[INFO] [stdout] error: aborting due to previous error; 2 warnings emitted
[INFO] [stdout] 
[INFO] [stdout] 
[INFO] [stdout] For more information about this error, try `rustc --explain E0277`.
[INFO] [stdout] 
[INFO] [stderr] error: could not compile `tokio-socketcan-bcm`.
[INFO] [stderr] 
[INFO] [stderr] To learn more, run the command again with --verbose.
[INFO] [stderr] warning: build failed, waiting for other jobs to finish...
[INFO] [stdout] error: incorrect use of `await`
[INFO] [stdout]   --> examples/async_read_bcm_frames_await.rs:26:37
[INFO] [stdout]    |
[INFO] [stdout] 26 |             while let Some(frame) = await!(can_frame_stream.next()) {
[INFO] [stdout]    |                                     ^^^^^^^^^^^^^^^^^^^^^^^^^^^^^^^ help: `await` is a postfix operation: `can_frame_stream.next().await`
[INFO] [stdout] 
[INFO] [stdout] 
[INFO] [stdout] error[E0557]: feature has been removed
[INFO] [stdout]  --> examples/async_read_bcm_frames_await.rs:6:12
[INFO] [stdout]   |
[INFO] [stdout] 6 | #![feature(await_macro, async_await, futures_api)]
[INFO] [stdout]   |            ^^^^^^^^^^^ feature has been removed
[INFO] [stdout]   |
[INFO] [stdout]   = note: subsumed by `.await` syntax
[INFO] [stdout] 
[INFO] [stdout] 
[INFO] [stdout] error[E0425]: cannot find function `run_async` in crate `tokio`
[INFO] [stdout]   --> examples/async_read_bcm_frames_await.rs:16:12
[INFO] [stdout]    |
[INFO] [stdout] 16 |     tokio::run_async(
[INFO] [stdout]    |            ^^^^^^^^^ not found in `tokio`
[INFO] [stdout] 
[INFO] [stdout] 
[INFO] [stdout] warning: unused `#[macro_use]` import
[INFO] [stdout]  --> examples/async_read_bcm_frames_await.rs:8:1
[INFO] [stdout]   |
[INFO] [stdout] 8 | #[macro_use]
[INFO] [stdout]   | ^^^^^^^^^^^^
[INFO] [stdout]   |
[INFO] [stdout]   = note: `#[warn(unused_imports)]` on by default
[INFO] [stdout] 
[INFO] [stdout] 
[INFO] [stdout] warning: unused import: `tokio::prelude::*`
[INFO] [stdout]   --> examples/async_read_bcm_frames_await.rs:12:5
[INFO] [stdout]    |
[INFO] [stdout] 12 | use tokio::prelude::*;
[INFO] [stdout]    |     ^^^^^^^^^^^^^^^^^
[INFO] [stdout] 
[INFO] [stdout] 
[INFO] [stdout] error[E0599]: no method named `next` found for struct `BcmFrameStream` in the current scope
[INFO] [stdout]   --> examples/async_read_bcm_frames_await.rs:26:61
[INFO] [stdout]    |
[INFO] [stdout] 26 |             while let Some(frame) = await!(can_frame_stream.next()) {
[INFO] [stdout]    |                                                             ^^^^ method not found in `BcmFrameStream`
[INFO] [stdout] 
[INFO] [stdout] 
[INFO] [stdout] error: aborting due to 4 previous errors; 2 warnings emitted
[INFO] [stdout] 
[INFO] [stdout] 
[INFO] [stdout] Some errors have detailed explanations: E0425, E0557, E0599.
[INFO] [stdout] 
[INFO] [stdout] For more information about an error, try `rustc --explain E0425`.
[INFO] [stdout] 
[INFO] [stderr] error: build failed
[INFO] running `Command { std: "docker" "inspect" "081243d9a7d858629d79c430e16260b660ef048fc2b7e6bbdaa8aaf58b3df0f0", kill_on_drop: false }`
[INFO] running `Command { std: "docker" "rm" "-f" "081243d9a7d858629d79c430e16260b660ef048fc2b7e6bbdaa8aaf58b3df0f0", kill_on_drop: false }`
[INFO] [stdout] 081243d9a7d858629d79c430e16260b660ef048fc2b7e6bbdaa8aaf58b3df0f0
